 a. Calculate the highest common divisor of 62 and w.
31
Let x be 61/61*0/(-1 - 0). Suppose u + 3*i = 10 - x, 5*u = 3*i + 14. Suppose -b - 64 = -3*b. Calculate the highest common factor of b and u.
4
Let n(y) = -2*y - 4. Let u be n(-3). Let r(o) = 8*o**2 - 5*o + 3. Let j be r(u). Let l = 549 + -274. What is the greatest common divisor of l and j?
25
Let n(b) = -b**3 + 14*b**2 - 19*b + 1. Let k be n(8). Suppose 2*u = k + 187. What is the greatest common divisor of u and 7?
7
Let i(g) = -5*g - 4. Let c be i(-2). Suppose -2*d - 16 = -c*d. Suppose d*r + 6 = 46. Calculate the highest common factor of 110 and r.
10
Suppose 2*c - 147 = -3*i, 3*i + 564*c - 141 = 563*c. Let r be 1*-2 + 2*10. Calculate the highest common factor of i and r.
9
Let u = -424 + 429. Suppose 3*z - 6*z + 18 = 3*w, u*w - 24 = -3*z. What is the highest common factor of z and 7?
1
Suppose 3*t + 180 = -t. Let b be -2 - (-4 + (t - 4)). Let y = b - 29. What is the greatest common factor of y and 11?
11
Suppose -81 = 12*s - 39*s. Let n be -2 + 30 + (-3)/3. Suppose n = 4*u - 3*u - y, 0 = -s*u + y + 75. What is the highest common factor of 3 and u?
3
Let n(u) = -u**3 - 3*u**2 + 9*u + 47. Let v be n(3). Let p be ((-40)/(-12))/(2/3). Calculate the highest common factor of v and p.
5
Let y = -153 + 172. Let o(l) = -l**3 + 16*l**2 + 17*l + 1. Let k be o(17). What is the highest common factor of k and y?
1
Suppose -4*l = -5*z + 238, -3*z + 128 = 2*l + 3*l. What is the greatest common factor of z and 8?
2
Let n = -115 + 164. Suppose 4*y + 1 = -5*x, 131*y - 122*y + 116 = 5*x. What is the highest common factor of x and n?
7
Let o(l) = 65*l + 544. Let w be o(-8). Calculate the highest common factor of w and 732.
12
Let w be -766*(7 + 39/(-6)). Let f = w - -628. What is the highest common factor of 35 and f?
35
Let l = 759 + -440. Let m = 394 - l. What is the greatest common divisor of 45 and m?
15
Let p be 770/(-231)*6/(-10). Suppose -4*l + 1364 = -p*f, 3*l - 30*f + 27*f = 1026. What is the highest common divisor of l and 20?
20
Suppose 4*q + q - 150 = 0. Suppose 0 = -5*c + 2*m + 2*m + 415, m = -c + 83. Suppose -h - 4 = -1, c = 4*t - h. What is the greatest common factor of q and t?
10
Suppose 3*a = -6, -4*a - 98 = -5*b + 295. Suppose 460 = 78*k - b*k. Calculate the greatest common divisor of k and 69.
23
Let f = -5 + -27. Suppose 4*j + 152 = 5*d - 59, 0 = -4*j - d - 217. Let p = f - j. Calculate the greatest common divisor of 55 and p.
11
Let i be (-12)/(-14) + (-3)/(-21). Let l(y) = 68*y - 7. Let c be l(i). Let a = 63 - c. Calculate the greatest common factor of 2 and a.
2
Let q(f) = -32*f - 9. Let p be q(-7). Let i(b) = -b**3 + 7*b**2 + 8*b + 9. Let o be i(-5). Suppose 161 + o = 5*u. What is the highest common divisor of p and u?
43
Let h(b) = -73*b**3 - 2*b**2 + 1. Let j be h(-1). Suppose 156*s - 46440 = -102*s. What is the greatest common divisor of s and j?
36
Let d(g) = 0*g + g**3 - g**2 - 17 - 13*g - 11*g + 14*g**2 + 5*g. Let l be d(-14). What is the highest common divisor of 1 and l?
1
Let c(r) = 79*r - 11126. Let z be c(146). What is the highest common divisor of 102 and z?
102
Suppose -5*q = j - 5, 31 = 36*j - 34*j + 3*q. What is the greatest common factor of 64 and j?
4
Let x be 559436/170 - 8/10. Calculate the highest common factor of x and 30.
10
Suppose -f = -z + 15 - 0, -5*f - 45 = -2*z. Suppose -c + 2 = 0, -5*c + 31 = -i - 37. Let m be 3/((-18)/i) + 3/9. What is the greatest common factor of z and m?
10
Suppose -i + 58 - 52 = 0. Suppose -i*b = 7*b - 2028. What is the greatest common factor of 12 and b?
12
Let f(x) = 83*x**2 + 2*x + 10. Let k be f(9). Calculate the greatest common divisor of 43 and k.
43
Let y = -137 + 137. Suppose 3*p + 2*p - 1749 = b, -2*p + 4*b + 696 = y. Calculate the greatest common factor of p and 14.
14
Suppose -4*s - 81 = 4*g - 221, -50 = -g + 2*s. Let v = 5428 + -5412. What is the greatest common divisor of v and g?
8
Suppose 3*z - 8*z + 76 = 2*p, p + 3*z - 40 = 0. Let t(u) = -80*u + 59*u + 40*u + 217. Let v be t(-7). What is the highest common divisor of v and p?
28
Let n(x) = x**3 - 10*x**2 - 9*x - 7. Let u be n(11). Let b be 99/(-66) + (-1465)/(-10). What is the greatest common factor of b and u?
5
Suppose -170*z + 119870 - 45950 = 40*z. Calculate the highest common factor of 1980 and z.
44
Let j be (-2)/(-17) + (-484)/68 + -1. Let o be 294*2/16 + 6/j. What is the highest common factor of 18 and o?
18
Suppose 6232*n - 6247*n = -95700. Calculate the highest common factor of 435 and n.
145
Let y(b) = -2*b**3 - 10*b**2 - 11*b - 6. Let a be y(-4). Suppose 95 = a*o - 85. What is the greatest common divisor of 150 and o?
30
Suppose 3*j = -65 + 20. Let x = j - -30. Suppose 4*f + 2*d = 7*d + 95, 0 = -3*f + 4*d + 70. Calculate the greatest common divisor of x and f.
15
Suppose 4*j - 4*u + 7*u - 106 = 0, 0 = 2*u + 4. Let a(q) = 7*q**3 + 9*q**2 - 33*q - 10. Let f be a(3). Calculate the highest common factor of j and f.
7
Suppose -5*l = l - 360. Let h = 322 - 286. Calculate the highest common factor of h and l.
12
Suppose 3*c - 3*x = -2310, 4*x + 2446 - 101 = -3*c. Let a be c/6 + (2/12 - 0). Let o = -102 - a. Calculate the greatest common divisor of o and 36.
9
Let g = 17317 - 17308. Calculate the greatest common factor of 12321 and g.
9
Suppose -217*w + 10458 = -134*w. Calculate the greatest common divisor of w and 72.
18
Suppose -4*t - 252 = -2*a, 4*a - 9*a = 0. Let x be (-38373)/t + (-38)/399. What is the greatest common factor of 21 and x?
21
Let u(o) = -6*o**3 - 6*o**2 - o. Let x be u(-2). Suppose 0 = -22*m + 590 + x. What is the highest common factor of m and 4?
4
Suppose -5*r + t + 35 = -0*t, 3*r - 3*t - 33 = 0. Suppose 3*b + 15 = r. Let m = b - -21. What is the highest common divisor of 27 and m?
9
Suppose a - 21 = 11. Let x(d) = -d**3 - 18*d**2 + 6. Let c be x(-18). Let r be ((-8)/c)/(-1)*576/16. What is the highest common divisor of a and r?
16
Let v(f) = -f**3 + 27*f**2 - 24*f + 3. Let c be v(26). Suppose 23*g + c = 28*g. Calculate the highest common divisor of g and 1133.
11
Let w = -449 - -115. Let k = w - -337. Calculate the greatest common divisor of k and 141.
3
Let r = 29 - 26. Suppose -247 = -r*a + v, 0*a - 79 = -a + v. Let h = a + 48. Calculate the highest common factor of h and 12.
12
Let c be ((-16)/(-2))/(-8 + -3 + 13). Let p(k) = k**2 + k - 4*k + 20 - 5*k. Let j be p(c). What is the greatest common factor of j and 32?
4
Suppose -128 = -2*z - 4*a, 266 - 263 = -3*a. What is the greatest common divisor of 60 and z?
6
Let k(i) be the second derivative of -11*i**3/6 - 39*i**2 + 58*i. Let z be k(-8). What is the greatest common factor of 70 and z?
10
Let f = -3174 + 7864. What is the highest common factor of f and 140?
70
Let u(w) = 3*w - 40. Let o be u(5). Suppose -16 = -n - x - 2*x, 4*x = -12. Let v = n - o. Calculate the highest common divisor of 20 and v.
10
Suppose 112 = 2*f + 2*f. Let k(d) = -3*d - 36. Suppose 0 = 3*j + 5*v + 63, 0 = -j - v - 21 - 2. Let u be k(j). Calculate the highest common factor of f and u.
14
Let j(p) = p**3 - 25*p**2 + 93*p - 2154. Let b be j(25). Calculate the greatest common factor of 19323 and b.
171
Let v(n) = 33*n**2 + 11*n - 10. Let u be v(2). Suppose -226*h = -222*h - u. Calculate the highest common factor of h and 27.
9
Let f(y) = -78*y**3 - 2*y**2 + 11*y + 10. Let u be f(-1). Calculate the greatest common factor of 175 and u.
25
Suppose -421*c + 422*c + 2*w - 48 = 0, -2*w - 78 = -2*c. What is the greatest common divisor of 847 and c?
7
Let t = -295 - -325. Let g be 242/8 + -4*2/32. What is the highest common divisor of t and g?
30
Let n(h) = 288*h - 5464. Let u be n(19). Calculate the highest common factor of 474 and u.
2
Let g be (-16)/(-12)*(-6)/(-4). Let q be 680 + 9*(3 - g). Calculate the greatest common factor of 13 and q.
13
Suppose 81*s + 460 - 2540 = 5210. Calculate the greatest common factor of s and 64.
2
Suppose -a = 3*u - 4 - 124, 2*a - 284 = u. Let w = a - 94. Suppose 4*o - 66 - w = 0. Calculate the highest common factor of 70 and o.
14
Suppose 10*g = 3*g + 602. Suppose 9*s = 184 + g. What is the highest common factor of s and 390?
30
Let l(k) = 972*k + 342. Let n be l(2). Calculate the highest common divisor of 36 and n.
18
Suppose -36*j - 12528 = -123*j. Calculate the greatest common div